{"id":144,"date":"2024-03-03T18:46:58","date_gmt":"2024-03-03T17:46:58","guid":{"rendered":"https:\/\/cuisineravecplaisir.com\/?page_id=144"},"modified":"2024-03-11T16:42:22","modified_gmt":"2024-03-11T15:42:22","slug":"contact","status":"publish","type":"page","link":"https:\/\/cuisineravecplaisir.com\/index.php\/contact\/","title":{"rendered":"Contact"},"content":{"rendered":"\t\t<div data-elementor-type=\"wp-page\" data-elementor-id=\"144\" class=\"elementor elementor-144\">\n\t\t\t\t<div class=\"elementor-element elementor-element-40fa0fe e-flex e-con-boxed e-con e-parent\" data-id=\"40fa0fe\" data-element_type=\"container\" data-e-type=\"container\">\n\t\t\t\t\t<div class=\"e-con-inner\">\n\t\t\t\t<div class=\"elementor-element elementor-element-2f4af99 elementor-widget elementor-widget-text-editor\" data-id=\"2f4af99\" data-element_type=\"widget\" data-e-type=\"widget\" data-widget_type=\"text-editor.default\">\n\t\t\t\t<div class=\"elementor-widget-container\">\n\t\t\t\t\t\t\t\t\t<p>Envie de faire une s\u00e9ance de coaching \u00e0 distance ou en pr\u00e9sentiel, d&rsquo;obtenir un ou plusieurs e-book ou tout simplement de me poser une question ou m&rsquo;envoyer un message ? N&rsquo;h\u00e9sitez pas \u00e0 prendre contact avec moi. Je serai ravie de vous r\u00e9pondre et d&rsquo;\u00e9changer avec vous.<\/p>\t\t\t\t\t\t\t\t<\/div>\n\t\t\t\t<\/div>\n\t\t\t\t\t<\/div>\n\t\t\t\t<\/div>\n\t\t<div class=\"elementor-element elementor-element-d88aede e-flex e-con-boxed e-con e-parent\" data-id=\"d88aede\" data-element_type=\"container\" data-e-type=\"container\">\n\t\t\t\t\t<div class=\"e-con-inner\">\n\t\t<div class=\"elementor-element elementor-element-3f1b121 e-con-full e-flex e-con e-child\" data-id=\"3f1b121\" data-element_type=\"container\" data-e-type=\"container\">\n\t\t\t\t<div class=\"elementor-element elementor-element-07ad955 elementor-widget elementor-widget-heading\" data-id=\"07ad955\" data-element_type=\"widget\" data-e-type=\"widget\" data-widget_type=\"heading.default\">\n\t\t\t\t<div class=\"elementor-widget-container\">\n\t\t\t\t\t<h2 class=\"elementor-heading-title elementor-size-default\">Formulaire de contact<\/h2>\t\t\t\t<\/div>\n\t\t\t\t<\/div>\n\t\t\t\t<div class=\"elementor-element elementor-element-6817f7d elementor-widget elementor-widget-wpforms\" data-id=\"6817f7d\" data-element_type=\"widget\" data-e-type=\"widget\" data-widget_type=\"wpforms.default\">\n\t\t\t\t<div class=\"elementor-widget-container\">\n\t\t\t\t\t<div class=\"wpforms-container wpforms-container-full wpforms-render-modern\" id=\"wpforms-211\"><form id=\"wpforms-form-211\" class=\"wpforms-validate wpforms-form wpforms-ajax-form\" data-formid=\"211\" method=\"post\" enctype=\"multipart\/form-data\" action=\"\/index.php\/wp-json\/wp\/v2\/pages\/144\" data-token=\"fcee55037d076fa1c3bc5fd59ea1620d\" data-token-time=\"1776853748\"><noscript class=\"wpforms-error-noscript\">Veuillez activer JavaScript dans votre navigateur pour remplir ce formulaire.<\/noscript><div id=\"wpforms-error-noscript\" style=\"display: none;\">Veuillez activer JavaScript dans votre navigateur pour remplir ce formulaire.<\/div><div class=\"wpforms-field-container\"><div id=\"wpforms-211-field_2-container\" class=\"wpforms-field wpforms-field-text wpforms-one-half wpforms-first\" data-field-id=\"2\"><label class=\"wpforms-field-label\" for=\"wpforms-211-field_2\">Nom <span class=\"wpforms-required-label\" aria-hidden=\"true\">*<\/span><\/label><input type=\"text\" id=\"wpforms-211-field_2\" class=\"wpforms-field-large wpforms-field-required\" name=\"wpforms[fields][2]\" aria-errormessage=\"wpforms-211-field_2-error\" required><\/div><div id=\"wpforms-211-field_1-container\" class=\"wpforms-field wpforms-field-text wpforms-one-half\" data-field-id=\"1\"><label class=\"wpforms-field-label\" for=\"wpforms-211-field_1\">Pr\u00e9nom <span class=\"wpforms-required-label\" aria-hidden=\"true\">*<\/span><\/label><input type=\"text\" id=\"wpforms-211-field_1\" class=\"wpforms-field-large wpforms-field-required\" name=\"wpforms[fields][1]\" aria-errormessage=\"wpforms-211-field_1-error\" required><\/div><div id=\"wpforms-211-field_5-container\" class=\"wpforms-field wpforms-field-email\" data-field-id=\"5\"><label class=\"wpforms-field-label\" for=\"wpforms-211-field_5\">E-mail <span class=\"wpforms-required-label\" aria-hidden=\"true\">*<\/span><\/label><input type=\"email\" id=\"wpforms-211-field_5\" class=\"wpforms-field-large wpforms-field-required\" name=\"wpforms[fields][5]\" spellcheck=\"false\" aria-errormessage=\"wpforms-211-field_5-error\" required><\/div><div id=\"wpforms-211-field_4-container\" class=\"wpforms-field wpforms-field-select wpforms-field-select-style-classic\" data-field-id=\"4\"><label class=\"wpforms-field-label\" for=\"wpforms-211-field_4\">Sujets <span class=\"wpforms-required-label\" aria-hidden=\"true\">*<\/span><\/label><select id=\"wpforms-211-field_4\" class=\"wpforms-field-large wpforms-field-required\" name=\"wpforms[fields][4]\" required=\"required\"><option value=\"S\u00e9ance d\u00e9couverte coaching\"  class=\"choice-1 depth-1\"  >S\u00e9ance d\u00e9couverte coaching<\/option><option value=\"Coaching bien-\u00eatre\"  class=\"choice-4 depth-1\"  >Coaching bien-\u00eatre<\/option><option value=\"Coaching nutrition\"  class=\"choice-5 depth-1\"  >Coaching nutrition<\/option><option value=\"Obtenir un e-book\"  class=\"choice-2 depth-1\"  >Obtenir un e-book<\/option><option value=\"Autres\"  class=\"choice-3 depth-1\"  >Autres<\/option><\/select><\/div><div id=\"wpforms-211-field_6-container\" class=\"wpforms-field wpforms-field-textarea\" data-field-id=\"6\"><label class=\"wpforms-field-label\" for=\"wpforms-211-field_6\">Commentaire ou message<\/label><textarea id=\"wpforms-211-field_6\" class=\"wpforms-field-medium\" name=\"wpforms[fields][6]\" aria-errormessage=\"wpforms-211-field_6-error\" ><\/textarea><\/div><\/div><!-- .wpforms-field-container --><div class=\"wpforms-recaptcha-container wpforms-is-recaptcha wpforms-is-recaptcha-type-v3\" ><input type=\"hidden\" name=\"wpforms[recaptcha]\" value=\"\"><\/div><div class=\"wpforms-submit-container\" ><input type=\"hidden\" name=\"wpforms[id]\" value=\"211\"><input type=\"hidden\" name=\"page_title\" value=\"\"><input type=\"hidden\" name=\"page_url\" value=\"https:\/\/cuisineravecplaisir.com\/index.php\/wp-json\/wp\/v2\/pages\/144\"><input type=\"hidden\" name=\"url_referer\" value=\"\"><button type=\"submit\" name=\"wpforms[submit]\" id=\"wpforms-submit-211\" class=\"wpforms-submit\" data-alt-text=\"Envoi...\" data-submit-text=\"Envoyer\" aria-live=\"assertive\" value=\"wpforms-submit\">Envoyer<\/button><img decoding=\"async\" src=\"https:\/\/cuisineravecplaisir.com\/wp-content\/plugins\/wpforms-lite\/assets\/images\/submit-spin.svg\" class=\"wpforms-submit-spinner\" style=\"display: none;\" width=\"26\" height=\"26\" alt=\"Chargement en cours\"><\/div><\/form><\/div>  <!-- .wpforms-container -->\t\t\t\t<\/div>\n\t\t\t\t<\/div>\n\t\t\t\t<\/div>\n\t\t<div class=\"elementor-element elementor-element-bdf52eb e-con-full e-flex e-con e-child\" data-id=\"bdf52eb\" data-element_type=\"container\" data-e-type=\"container\">\n\t\t\t\t<div class=\"elementor-element elementor-element-07c5beb elementor-widget elementor-widget-heading\" data-id=\"07c5beb\" data-element_type=\"widget\" data-e-type=\"widget\" data-widget_type=\"heading.default\">\n\t\t\t\t<div class=\"elementor-widget-container\">\n\t\t\t\t\t<h2 class=\"elementor-heading-title elementor-size-default\">Contact mail<\/h2>\t\t\t\t<\/div>\n\t\t\t\t<\/div>\n\t\t\t\t<div class=\"elementor-element elementor-element-2a28257 elementor-view-stacked elementor-widget__width-initial elementor-shape-circle elementor-position-block-start elementor-mobile-position-block-start elementor-widget elementor-widget-icon-box\" data-id=\"2a28257\" data-element_type=\"widget\" data-e-type=\"widget\" data-widget_type=\"icon-box.default\">\n\t\t\t\t<div class=\"elementor-widget-container\">\n\t\t\t\t\t\t\t<div class=\"elementor-icon-box-wrapper\">\n\n\t\t\t\t\t\t<div class=\"elementor-icon-box-icon\">\n\t\t\t\t<span  class=\"elementor-icon\">\n\t\t\t\t<svg aria-hidden=\"true\" class=\"e-font-icon-svg e-far-envelope\" viewBox=\"0 0 512 512\" xmlns=\"http:\/\/www.w3.org\/2000\/svg\"><path d=\"M464 64H48C21.49 64 0 85.49 0 112v288c0 26.51 21.49 48 48 48h416c26.51 0 48-21.49 48-48V112c0-26.51-21.49-48-48-48zm0 48v40.805c-22.422 18.259-58.168 46.651-134.587 106.49-16.841 13.247-50.201 45.072-73.413 44.701-23.208.375-56.579-31.459-73.413-44.701C106.18 199.465 70.425 171.067 48 152.805V112h416zM48 400V214.398c22.914 18.251 55.409 43.862 104.938 82.646 21.857 17.205 60.134 55.186 103.062 54.955 42.717.231 80.509-37.199 103.053-54.947 49.528-38.783 82.032-64.401 104.947-82.653V400H48z\"><\/path><\/svg>\t\t\t\t<\/span>\n\t\t\t<\/div>\n\t\t\t\n\t\t\t\t\t\t<div class=\"elementor-icon-box-content\">\n\n\t\t\t\t\t\t\t\t\t<h3 class=\"elementor-icon-box-title\">\n\t\t\t\t\t\t<span  >\n\t\t\t\t\t\t\tcontact@cuisineravecplaisir.com\t\t\t\t\t\t<\/span>\n\t\t\t\t\t<\/h3>\n\t\t\t\t\n\t\t\t\t\n\t\t\t<\/div>\n\t\t\t\n\t\t<\/div>\n\t\t\t\t\t\t<\/div>\n\t\t\t\t<\/div>\n\t\t\t\t<div class=\"elementor-element elementor-element-1e594dd elementor-widget elementor-widget-heading\" data-id=\"1e594dd\" data-element_type=\"widget\" data-e-type=\"widget\" data-widget_type=\"heading.default\">\n\t\t\t\t<div class=\"elementor-widget-container\">\n\t\t\t\t\t<h2 class=\"elementor-heading-title elementor-size-default\"><a href=\"https:\/\/calendly.com\/contact-mdw\/seance-decouverte-gratuite\">Horaires<\/a><\/h2>\t\t\t\t<\/div>\n\t\t\t\t<\/div>\n\t\t\t\t<div class=\"elementor-element elementor-element-d25d75b elementor-view-stacked elementor-shape-circle elementor-position-block-start elementor-mobile-position-block-start elementor-widget elementor-widget-icon-box\" data-id=\"d25d75b\" data-element_type=\"widget\" data-e-type=\"widget\" data-widget_type=\"icon-box.default\">\n\t\t\t\t<div class=\"elementor-widget-container\">\n\t\t\t\t\t\t\t<div class=\"elementor-icon-box-wrapper\">\n\n\t\t\t\t\t\t<div class=\"elementor-icon-box-icon\">\n\t\t\t\t<span  class=\"elementor-icon\">\n\t\t\t\t<svg aria-hidden=\"true\" class=\"e-font-icon-svg e-fas-clock\" viewBox=\"0 0 512 512\" xmlns=\"http:\/\/www.w3.org\/2000\/svg\"><path d=\"M256,8C119,8,8,119,8,256S119,504,256,504,504,393,504,256,393,8,256,8Zm92.49,313h0l-20,25a16,16,0,0,1-22.49,2.5h0l-67-49.72a40,40,0,0,1-15-31.23V112a16,16,0,0,1,16-16h32a16,16,0,0,1,16,16V256l58,42.5A16,16,0,0,1,348.49,321Z\"><\/path><\/svg>\t\t\t\t<\/span>\n\t\t\t<\/div>\n\t\t\t\n\t\t\t\t\t\t<div class=\"elementor-icon-box-content\">\n\n\t\t\t\t\t\t\t\t\t<h3 class=\"elementor-icon-box-title\">\n\t\t\t\t\t\t<span  >\n\t\t\t\t\t\t\tDu lundi au samedi de 9h30 \u00e0 20h\t\t\t\t\t\t<\/span>\n\t\t\t\t\t<\/h3>\n\t\t\t\t\n\t\t\t\t\n\t\t\t<\/div>\n\t\t\t\n\t\t<\/div>\n\t\t\t\t\t\t<\/div>\n\t\t\t\t<\/div>\n\t\t\t\t<div class=\"elementor-element elementor-element-61750fa elementor-widget elementor-widget-heading\" data-id=\"61750fa\" data-element_type=\"widget\" data-e-type=\"widget\" data-widget_type=\"heading.default\">\n\t\t\t\t<div class=\"elementor-widget-container\">\n\t\t\t\t\t<h2 class=\"elementor-heading-title elementor-size-default\"><a href=\"https:\/\/cuisineravecplaisir.com\/index.php\/coaching\/\">Types de rendez-vous<\/a><\/h2>\t\t\t\t<\/div>\n\t\t\t\t<\/div>\n\t\t\t\t<div class=\"elementor-element elementor-element-43a5e72 elementor-view-stacked elementor-shape-circle elementor-position-block-start elementor-mobile-position-block-start elementor-widget elementor-widget-icon-box\" data-id=\"43a5e72\" data-element_type=\"widget\" data-e-type=\"widget\" data-widget_type=\"icon-box.default\">\n\t\t\t\t<div class=\"elementor-widget-container\">\n\t\t\t\t\t\t\t<div class=\"elementor-icon-box-wrapper\">\n\n\t\t\t\t\t\t<div class=\"elementor-icon-box-icon\">\n\t\t\t\t<span  class=\"elementor-icon\">\n\t\t\t\t<svg aria-hidden=\"true\" class=\"e-font-icon-svg e-fas-map-marker-alt\" viewBox=\"0 0 384 512\" xmlns=\"http:\/\/www.w3.org\/2000\/svg\"><path d=\"M172.268 501.67C26.97 291.031 0 269.413 0 192 0 85.961 85.961 0 192 0s192 85.961 192 192c0 77.413-26.97 99.031-172.268 309.67-9.535 13.774-29.93 13.773-39.464 0zM192 272c44.183 0 80-35.817 80-80s-35.817-80-80-80-80 35.817-80 80 35.817 80 80 80z\"><\/path><\/svg>\t\t\t\t<\/span>\n\t\t\t<\/div>\n\t\t\t\n\t\t\t\t\t\t<div class=\"elementor-icon-box-content\">\n\n\t\t\t\t\t\t\t\t\t<h3 class=\"elementor-icon-box-title\">\n\t\t\t\t\t\t<span  >\n\t\t\t\t\t\t\tT\u00e9l\u00e9phone \/ Visio \/ Pr\u00e9sentiel\t\t\t\t\t\t<\/span>\n\t\t\t\t\t<\/h3>\n\t\t\t\t\n\t\t\t\t\t\t\t\t\t<p class=\"elementor-icon-box-description\">\n\t\t\t\t\t\tPossibilit\u00e9 de pr\u00e9sentiel en \u00cele-de-France et dans la Marne uniquement\t\t\t\t\t<\/p>\n\t\t\t\t\n\t\t\t<\/div>\n\t\t\t\n\t\t<\/div>\n\t\t\t\t\t\t<\/div>\n\t\t\t\t<\/div>\n\t\t\t\t<\/div>\n\t\t\t\t\t<\/div>\n\t\t\t\t<\/div>\n\t\t\t\t<\/div>\n\t\t","protected":false},"excerpt":{"rendered":"<p>Envie de faire une s\u00e9ance de coaching \u00e0 distance ou en pr\u00e9sentiel, d&rsquo;obtenir un ou plusieurs e-book ou tout simplement de me poser une question ou m&rsquo;envoyer un message ? N&rsquo;h\u00e9sitez pas \u00e0 prendre contact avec moi. Je serai ravie de vous r\u00e9pondre et d&rsquo;\u00e9changer avec vous. Formulaire de contact Veuillez activer JavaScript dans votre [&hellip;]<\/p>\n","protected":false},"author":1,"featured_media":0,"parent":0,"menu_order":0,"comment_status":"closed","ping_status":"closed","template":"elementor_header_footer","meta":{"_monsterinsights_skip_tracking":false,"_monsterinsights_sitenote_active":false,"_monsterinsights_sitenote_note":"","_monsterinsights_sitenote_category":0,"footnotes":""},"class_list":["post-144","page","type-page","status-publish","hentry","entry"],"yoast_head":"<!-- This site is optimized with the Yoast SEO plugin v27.1.1 - https:\/\/yoast.com\/product\/yoast-seo-wordpress\/ -->\n<title>Contact - Cuisiner avec plaisir<\/title>\n<meta name=\"description\" content=\"Une question, une demande d&#039;information ou envie de commencer un coaching ? Prenez contact avec moi, je serai ravie de vous r\u00e9pondre\" \/>\n<meta name=\"robots\" content=\"index, follow, max-snippet:-1, max-image-preview:large, max-video-preview:-1\" \/>\n<link rel=\"canonical\" href=\"https:\/\/cuisineravecplaisir.com\/index.php\/contact\/\" \/>\n<meta property=\"og:locale\" content=\"fr_FR\" \/>\n<meta property=\"og:type\" content=\"article\" \/>\n<meta property=\"og:title\" content=\"Contact - Cuisiner avec plaisir\" \/>\n<meta property=\"og:description\" content=\"Une question, une demande d&#039;information ou envie de commencer un coaching ? Prenez contact avec moi, je serai ravie de vous r\u00e9pondre\" \/>\n<meta property=\"og:url\" content=\"https:\/\/cuisineravecplaisir.com\/index.php\/contact\/\" \/>\n<meta property=\"og:site_name\" content=\"Cuisiner avec plaisir\" \/>\n<meta property=\"article:modified_time\" content=\"2024-03-11T15:42:22+00:00\" \/>\n<meta property=\"og:image\" content=\"https:\/\/cuisineravecplaisir.com\/wp-content\/plugins\/wpforms-lite\/assets\/images\/submit-spin.svg\" \/>\n<meta name=\"twitter:card\" content=\"summary_large_image\" \/>\n<meta name=\"twitter:label1\" content=\"Dur\u00e9e de lecture estim\u00e9e\" \/>\n\t<meta name=\"twitter:data1\" content=\"1 minute\" \/>\n<script type=\"application\/ld+json\" class=\"yoast-schema-graph\">{\"@context\":\"https:\/\/schema.org\",\"@graph\":[{\"@type\":\"WebPage\",\"@id\":\"https:\/\/cuisineravecplaisir.com\/index.php\/contact\/\",\"url\":\"https:\/\/cuisineravecplaisir.com\/index.php\/contact\/\",\"name\":\"Contact - Cuisiner avec plaisir\",\"isPartOf\":{\"@id\":\"https:\/\/cuisineravecplaisir.com\/#website\"},\"primaryImageOfPage\":{\"@id\":\"https:\/\/cuisineravecplaisir.com\/index.php\/contact\/#primaryimage\"},\"image\":{\"@id\":\"https:\/\/cuisineravecplaisir.com\/index.php\/contact\/#primaryimage\"},\"thumbnailUrl\":\"https:\/\/cuisineravecplaisir.com\/wp-content\/plugins\/wpforms-lite\/assets\/images\/submit-spin.svg\",\"datePublished\":\"2024-03-03T17:46:58+00:00\",\"dateModified\":\"2024-03-11T15:42:22+00:00\",\"description\":\"Une question, une demande d'information ou envie de commencer un coaching ? Prenez contact avec moi, je serai ravie de vous r\u00e9pondre\",\"breadcrumb\":{\"@id\":\"https:\/\/cuisineravecplaisir.com\/index.php\/contact\/#breadcrumb\"},\"inLanguage\":\"fr-FR\",\"potentialAction\":[{\"@type\":\"ReadAction\",\"target\":[\"https:\/\/cuisineravecplaisir.com\/index.php\/contact\/\"]}]},{\"@type\":\"ImageObject\",\"inLanguage\":\"fr-FR\",\"@id\":\"https:\/\/cuisineravecplaisir.com\/index.php\/contact\/#primaryimage\",\"url\":\"https:\/\/cuisineravecplaisir.com\/wp-content\/plugins\/wpforms-lite\/assets\/images\/submit-spin.svg\",\"contentUrl\":\"https:\/\/cuisineravecplaisir.com\/wp-content\/plugins\/wpforms-lite\/assets\/images\/submit-spin.svg\"},{\"@type\":\"BreadcrumbList\",\"@id\":\"https:\/\/cuisineravecplaisir.com\/index.php\/contact\/#breadcrumb\",\"itemListElement\":[{\"@type\":\"ListItem\",\"position\":1,\"name\":\"Accueil\",\"item\":\"https:\/\/cuisineravecplaisir.com\/\"},{\"@type\":\"ListItem\",\"position\":2,\"name\":\"Contact\"}]},{\"@type\":\"WebSite\",\"@id\":\"https:\/\/cuisineravecplaisir.com\/#website\",\"url\":\"https:\/\/cuisineravecplaisir.com\/\",\"name\":\"Cuisiner avec plaisir\",\"description\":\"\",\"publisher\":{\"@id\":\"https:\/\/cuisineravecplaisir.com\/#organization\"},\"potentialAction\":[{\"@type\":\"SearchAction\",\"target\":{\"@type\":\"EntryPoint\",\"urlTemplate\":\"https:\/\/cuisineravecplaisir.com\/?s={search_term_string}\"},\"query-input\":{\"@type\":\"PropertyValueSpecification\",\"valueRequired\":true,\"valueName\":\"search_term_string\"}}],\"inLanguage\":\"fr-FR\"},{\"@type\":\"Organization\",\"@id\":\"https:\/\/cuisineravecplaisir.com\/#organization\",\"name\":\"Cuisiner avec plaisir\",\"url\":\"https:\/\/cuisineravecplaisir.com\/\",\"logo\":{\"@type\":\"ImageObject\",\"inLanguage\":\"fr-FR\",\"@id\":\"https:\/\/cuisineravecplaisir.com\/#\/schema\/logo\/image\/\",\"url\":\"https:\/\/cuisineravecplaisir.com\/wp-content\/uploads\/2024\/02\/Sans-titre-513_20210920172406.png\",\"contentUrl\":\"https:\/\/cuisineravecplaisir.com\/wp-content\/uploads\/2024\/02\/Sans-titre-513_20210920172406.png\",\"width\":1280,\"height\":1280,\"caption\":\"Cuisiner avec plaisir\"},\"image\":{\"@id\":\"https:\/\/cuisineravecplaisir.com\/#\/schema\/logo\/image\/\"}}]}<\/script>\n<!-- \/ Yoast SEO plugin. -->","yoast_head_json":{"title":"Contact - Cuisiner avec plaisir","description":"Une question, une demande d'information ou envie de commencer un coaching ? Prenez contact avec moi, je serai ravie de vous r\u00e9pondre","robots":{"index":"index","follow":"follow","max-snippet":"max-snippet:-1","max-image-preview":"max-image-preview:large","max-video-preview":"max-video-preview:-1"},"canonical":"https:\/\/cuisineravecplaisir.com\/index.php\/contact\/","og_locale":"fr_FR","og_type":"article","og_title":"Contact - Cuisiner avec plaisir","og_description":"Une question, une demande d'information ou envie de commencer un coaching ? Prenez contact avec moi, je serai ravie de vous r\u00e9pondre","og_url":"https:\/\/cuisineravecplaisir.com\/index.php\/contact\/","og_site_name":"Cuisiner avec plaisir","article_modified_time":"2024-03-11T15:42:22+00:00","og_image":[{"url":"https:\/\/cuisineravecplaisir.com\/wp-content\/plugins\/wpforms-lite\/assets\/images\/submit-spin.svg","type":"","width":"","height":""}],"twitter_card":"summary_large_image","twitter_misc":{"Dur\u00e9e de lecture estim\u00e9e":"1 minute"},"schema":{"@context":"https:\/\/schema.org","@graph":[{"@type":"WebPage","@id":"https:\/\/cuisineravecplaisir.com\/index.php\/contact\/","url":"https:\/\/cuisineravecplaisir.com\/index.php\/contact\/","name":"Contact - Cuisiner avec plaisir","isPartOf":{"@id":"https:\/\/cuisineravecplaisir.com\/#website"},"primaryImageOfPage":{"@id":"https:\/\/cuisineravecplaisir.com\/index.php\/contact\/#primaryimage"},"image":{"@id":"https:\/\/cuisineravecplaisir.com\/index.php\/contact\/#primaryimage"},"thumbnailUrl":"https:\/\/cuisineravecplaisir.com\/wp-content\/plugins\/wpforms-lite\/assets\/images\/submit-spin.svg","datePublished":"2024-03-03T17:46:58+00:00","dateModified":"2024-03-11T15:42:22+00:00","description":"Une question, une demande d'information ou envie de commencer un coaching ? Prenez contact avec moi, je serai ravie de vous r\u00e9pondre","breadcrumb":{"@id":"https:\/\/cuisineravecplaisir.com\/index.php\/contact\/#breadcrumb"},"inLanguage":"fr-FR","potentialAction":[{"@type":"ReadAction","target":["https:\/\/cuisineravecplaisir.com\/index.php\/contact\/"]}]},{"@type":"ImageObject","inLanguage":"fr-FR","@id":"https:\/\/cuisineravecplaisir.com\/index.php\/contact\/#primaryimage","url":"https:\/\/cuisineravecplaisir.com\/wp-content\/plugins\/wpforms-lite\/assets\/images\/submit-spin.svg","contentUrl":"https:\/\/cuisineravecplaisir.com\/wp-content\/plugins\/wpforms-lite\/assets\/images\/submit-spin.svg"},{"@type":"BreadcrumbList","@id":"https:\/\/cuisineravecplaisir.com\/index.php\/contact\/#breadcrumb","itemListElement":[{"@type":"ListItem","position":1,"name":"Accueil","item":"https:\/\/cuisineravecplaisir.com\/"},{"@type":"ListItem","position":2,"name":"Contact"}]},{"@type":"WebSite","@id":"https:\/\/cuisineravecplaisir.com\/#website","url":"https:\/\/cuisineravecplaisir.com\/","name":"Cuisiner avec plaisir","description":"","publisher":{"@id":"https:\/\/cuisineravecplaisir.com\/#organization"},"potentialAction":[{"@type":"SearchAction","target":{"@type":"EntryPoint","urlTemplate":"https:\/\/cuisineravecplaisir.com\/?s={search_term_string}"},"query-input":{"@type":"PropertyValueSpecification","valueRequired":true,"valueName":"search_term_string"}}],"inLanguage":"fr-FR"},{"@type":"Organization","@id":"https:\/\/cuisineravecplaisir.com\/#organization","name":"Cuisiner avec plaisir","url":"https:\/\/cuisineravecplaisir.com\/","logo":{"@type":"ImageObject","inLanguage":"fr-FR","@id":"https:\/\/cuisineravecplaisir.com\/#\/schema\/logo\/image\/","url":"https:\/\/cuisineravecplaisir.com\/wp-content\/uploads\/2024\/02\/Sans-titre-513_20210920172406.png","contentUrl":"https:\/\/cuisineravecplaisir.com\/wp-content\/uploads\/2024\/02\/Sans-titre-513_20210920172406.png","width":1280,"height":1280,"caption":"Cuisiner avec plaisir"},"image":{"@id":"https:\/\/cuisineravecplaisir.com\/#\/schema\/logo\/image\/"}}]}},"_links":{"self":[{"href":"https:\/\/cuisineravecplaisir.com\/index.php\/wp-json\/wp\/v2\/pages\/144","targetHints":{"allow":["GET"]}}],"collection":[{"href":"https:\/\/cuisineravecplaisir.com\/index.php\/wp-json\/wp\/v2\/pages"}],"about":[{"href":"https:\/\/cuisineravecplaisir.com\/index.php\/wp-json\/wp\/v2\/types\/page"}],"author":[{"embeddable":true,"href":"https:\/\/cuisineravecplaisir.com\/index.php\/wp-json\/wp\/v2\/users\/1"}],"replies":[{"embeddable":true,"href":"https:\/\/cuisineravecplaisir.com\/index.php\/wp-json\/wp\/v2\/comments?post=144"}],"version-history":[{"count":43,"href":"https:\/\/cuisineravecplaisir.com\/index.php\/wp-json\/wp\/v2\/pages\/144\/revisions"}],"predecessor-version":[{"id":437,"href":"https:\/\/cuisineravecplaisir.com\/index.php\/wp-json\/wp\/v2\/pages\/144\/revisions\/437"}],"wp:attachment":[{"href":"https:\/\/cuisineravecplaisir.com\/index.php\/wp-json\/wp\/v2\/media?parent=144"}],"curies":[{"name":"wp","href":"https:\/\/api.w.org\/{rel}","templated":true}]}}